{"id":84,"date":"2014-12-16T19:19:32","date_gmt":"2014-12-16T19:19:32","guid":{"rendered":"http:\/\/sites.uepb.edu.br\/gprpem\/?page_id=84"},"modified":"2024-08-19T12:18:14","modified_gmt":"2024-08-19T15:18:14","slug":"linhas-de-pesquisa","status":"publish","type":"page","link":"https:\/\/grupos.uepb.edu.br\/gprpem\/linhas-de-pesquisa\/","title":{"rendered":"Linhas de Pesquisa"},"content":{"rendered":"<p>No momento, o grupo vem discutindo sobre o desenvolvimento te\u00f3rico e pr\u00e1tico de assuntos ligados \u00e0 pesquisa em Resolu\u00e7\u00e3o de Problemas no contexto da Educa\u00e7\u00e3o Matem\u00e1tica. A rela\u00e7\u00e3o entre Resolu\u00e7\u00e3o de Problemas e Matem\u00e1tica (Pura e Aplicada) tamb\u00e9m \u00e9 assunto em discuss\u00e3o no grupo. As pesquisas realizadas pelos integrantes do GPRPEM est\u00e3o pautadas em alguns temas:<\/p>\n<ul>\n<li>A Resolu\u00e7\u00e3o de Problemas e suas contribui\u00e7\u00f5es para o Ensino B\u00e1sico e Superior<\/li>\n<li>Um olhar Semi\u00f3tico sobre a Resolu\u00e7\u00e3o de Problema ou Modelagem Matem\u00e1tica<\/li>\n<li>Modeliza\u00e7\u00e3o Matem\u00e1tica: uma aproxima\u00e7\u00e3o entre a Resolu\u00e7\u00e3o de Problemas e Modelagem Matem\u00e1tica<\/li>\n<li>Ensino-Aprendizagem da Matem\u00e1tica: Forma\u00e7\u00e3o Inicial e Continuada de Professores de Matem\u00e1tica<\/li>\n<li>A Resolu\u00e7\u00e3o de Problemas, Tecnologias Digitais e a Intelig\u00eancia Artificial (IA)\u00a0 \u2013 Contribui\u00e7\u00f5es para o Ensino B\u00e1sico e Superior<\/li>\n<li>C\u00e1lculo Diferencial e Integral sob a perspectiva da Resolu\u00e7\u00e3o de Problemas<\/li>\n<li>Equa\u00e7\u00f5es Diferenciais Ordin\u00e1rias atrav\u00e9s de modelos matem\u00e1ticos: Investiga\u00e7\u00e3o qualitativa<\/li>\n<li>Desenvolvimento de conte\u00fado matem\u00e1tico atrav\u00e9s da Resolu\u00e7\u00e3o de Problemas e constru\u00e7\u00e3o de modelos: Uma Proposta para a Forma\u00e7\u00e3o de Professores de Matem\u00e1tica<\/li>\n<\/ul>\n","protected":false},"excerpt":{"rendered":"<p>No momento, o grupo vem discutindo sobre o desenvolvimento te\u00f3rico e pr\u00e1tico de assuntos ligados \u00e0 pesquisa em Resolu\u00e7\u00e3o de Problemas no contexto da Educa\u00e7\u00e3o Matem\u00e1tica. A rela\u00e7\u00e3o entre Resolu\u00e7\u00e3o de Problemas e Matem\u00e1tica (Pura e Aplicada) tamb\u00e9m \u00e9 assunto em discuss\u00e3o no grupo. As pesquisas realizadas pelos integrantes do GPRPEM est\u00e3o pautadas em alguns <a class=\"leiamais\" href=\"https:\/\/grupos.uepb.edu.br\/gprpem\/linhas-de-pesquisa\/\">Leia Mais&#8230;<\/a><\/p>\n","protected":false},"author":1,"featured_media":0,"parent":0,"menu_order":0,"comment_status":"open","ping_status":"open","template":"","meta":{"footnotes":""},"class_list":["post-84","page","type-page","status-publish","hentry"],"_links":{"self":[{"href":"https:\/\/grupos.uepb.edu.br\/gprpem\/wp-json\/wp\/v2\/pages\/84","targetHints":{"allow":["GET"]}}],"collection":[{"href":"https:\/\/grupos.uepb.edu.br\/gprpem\/wp-json\/wp\/v2\/pages"}],"about":[{"href":"https:\/\/grupos.uepb.edu.br\/gprpem\/wp-json\/wp\/v2\/types\/page"}],"author":[{"embeddable":true,"href":"https:\/\/grupos.uepb.edu.br\/gprpem\/wp-json\/wp\/v2\/users\/1"}],"replies":[{"embeddable":true,"href":"https:\/\/grupos.uepb.edu.br\/gprpem\/wp-json\/wp\/v2\/comments?post=84"}],"version-history":[{"count":5,"href":"https:\/\/grupos.uepb.edu.br\/gprpem\/wp-json\/wp\/v2\/pages\/84\/revisions"}],"predecessor-version":[{"id":665,"href":"https:\/\/grupos.uepb.edu.br\/gprpem\/wp-json\/wp\/v2\/pages\/84\/revisions\/665"}],"wp:attachment":[{"href":"https:\/\/grupos.uepb.edu.br\/gprpem\/wp-json\/wp\/v2\/media?parent=84"}],"curies":[{"name":"wp","href":"https:\/\/api.w.org\/{rel}","templated":true}]}}

<p>No momento, o grupo vem discutindo sobre o desenvolvimento teórico e prático de assuntos ligados à pesquisa em Resolução de Problemas no contexto da Educação Matemática. A relação entre Resolução de Problemas e Matemática (Pura e Aplicada) também é assunto em discussão no grupo. As pesquisas realizadas pelos integrantes do GPRPEM estão pautadas em alguns temas:</p>
<ul>
<li>A Resolução de Problemas e suas contribuições para o Ensino Básico e Superior</li>
<li>Um olhar Semiótico sobre a Resolução de Problema ou Modelagem Matemática</li>
<li>Modelização Matemática: uma aproximação entre a Resolução de Problemas e Modelagem Matemática</li>
<li>Ensino-Aprendizagem da Matemática: Formação Inicial e Continuada de Professores de Matemática</li>
<li>A Resolução de Problemas, Tecnologias Digitais e a Inteligência Artificial (IA)  – Contribuições para o Ensino Básico e Superior</li>
<li>Cálculo Diferencial e Integral sob a perspectiva da Resolução de Problemas</li>
<li>Equações Diferenciais Ordinárias através de modelos matemáticos: Investigação qualitativa</li>
<li>Desenvolvimento de conteúdo matemático através da Resolução de Problemas e construção de modelos: Uma Proposta para a Formação de Professores de Matemática</li>
</ul>

<p>No momento, o grupo vem discutindo sobre o desenvolvimento teórico e prático de assuntos ligados à pesquisa em Resolução de Problemas no contexto da Educação Matemática. A relação entre Resolução de Problemas e Matemática (Pura e Aplicada) também é assunto em discussão no grupo. As pesquisas realizadas pelos integrantes do GPRPEM estão pautadas em alguns <a class="leiamais" href="https://grupos.uepb.edu.br/gprpem/linhas-de-pesquisa/">Leia Mais&#8230;</a></p>
