{"id":310,"date":"2014-12-06T02:57:28","date_gmt":"2014-12-06T02:57:28","guid":{"rendered":"http:\/\/sites.uepb.edu.br\/gprpem\/?page_id=4"},"modified":"2024-08-19T11:27:56","modified_gmt":"2024-08-19T14:27:56","slug":"quem-somos","status":"publish","type":"page","link":"https:\/\/grupos.uepb.edu.br\/gprpem\/quem-somos\/","title":{"rendered":"Quem Somos"},"content":{"rendered":"<p>Somos um Grupo de Pesquisa do Programa de P\u00f3s-Gradua\u00e7\u00e3o em Ensino de Ci\u00eancias e Educa\u00e7\u00e3o Matem\u00e1tica da Universidade Estadual da Para\u00edba, UEPB \u2013 Campina Grande e do Centro de Ci\u00eancias Humanas e Exatas da UEPB \u2013 Monteiro, Para\u00edba, Brasil.\u00a0 O Grupo dedica-se ao ensino e pesquisa na Gradua\u00e7\u00e3o e P\u00f3s-Gradua\u00e7\u00e3o da UEPB.\u00a0 Sua principal \u00e1rea de atua\u00e7\u00e3o \u00e9 na Resolu\u00e7\u00e3o de Problemas e Ensino e Aprendizagem de Matem\u00e1tica. Nessa \u00e1rea, os principais trabalhos do grupo relacionam-se com a metodologia de Ensino-Aprendizagem-Avalia\u00e7\u00e3o de Matem\u00e1tica atrav\u00e9s da Resolu\u00e7\u00e3o de Problemas, Modeliza\u00e7\u00e3o Matem\u00e1tica, Modelagem, Tecnologias Digitais e Forma\u00e7\u00e3o de Professores.\u00a0 Al\u00e9m das atividades de ensino e pesquisa o Grupo tem envolvimento em cursos de extens\u00e3o e em projetos aplicados junto aos setores p\u00fablico e privado.<\/p>\n<p>Composto pelo Prof. Dr. Roger Huanca (coordenador) e seus orientandos atuais e ex-orientandos, esse grupo busca, por um lado, compreender e interpretar experi\u00eancias na \u00e1rea a partir de resultados j\u00e1 alcan\u00e7ados e, por outro, abordar novas propostas com \u00eanfase na Resolu\u00e7\u00e3o de Problemas; no Racioc\u00ednio e Prova; na Comunica\u00e7\u00e3o; nas Conex\u00f5es; e na Representa\u00e7\u00e3o. Desse modo, entendemos que ensinar Matem\u00e1tica atrav\u00e9s da Resolu\u00e7\u00e3o de Problemas deve estar acompanhado do objetivo de desenvolver a criticidade e o engajamento dos estudantes nas quest\u00f5es sociais relevantes para sua comunidade.<\/p>\n<p>O coordenador do Grupo atende a comunidade acad\u00eamica atrav\u00e9s do oferecimento de disciplinas de conte\u00fado da Educa\u00e7\u00e3o Matem\u00e1tica e da Matem\u00e1tica Aplicada para a gradua\u00e7\u00e3o e p\u00f3s-gradua\u00e7\u00e3o e realiza orienta\u00e7\u00f5es de projetos de Inicia\u00e7\u00e3o Cient\u00edfica, TCC, Mestrado e Doutorado.<\/p>\n<p><strong>P\u00fablico-alvo<\/strong><\/p>\n<ul>\n<li>Estudantes de P\u00f3s-Gradua\u00e7\u00e3o da UEPB \u2013 Campina Grande.<\/li>\n<li>Estudantes de Gradua\u00e7\u00e3o da UEPB \u2013 Monteiro.<\/li>\n<li>Professores em exerc\u00edcio e Formadores de professores de Matem\u00e1tica.<\/li>\n<\/ul>\n<p><strong>Objetivos<\/strong><\/p>\n<p>O Grupo de Pesquisa em Resolu\u00e7\u00e3o de Problemas e Educa\u00e7\u00e3o Matem\u00e1tica (GPRPEM) possui, como principal objetivo, investigar e estudar as dimens\u00f5es te\u00f3rico-metodol\u00f3gicas que se apoia ao processo de ensino-aprendizagem de Matem\u00e1tica atrav\u00e9s da Resolu\u00e7\u00e3o de Problemas, considerando o desenvolvimento do trabalho docente em contextos culturais distintos e as suas interfer\u00eancias na pr\u00e1tica de professores, nos diferentes n\u00edveis de escolaridade. Dentre as dimens\u00f5es contempladas pelas pesquisas, encontram-se as relativas \u00e0 forma\u00e7\u00e3o inicial e continuada dos professores em suas diferentes vis\u00f5es, cren\u00e7as, concep\u00e7\u00f5es, e suas rela\u00e7\u00f5es com as Tecnologias Digitais e a Intelig\u00eancia Artificial (IA).<\/p>\n<p><strong>Atividades \u2013 Reuni\u00f5es de Pesquisa<\/strong><\/p>\n<p>S\u00e3o reuni\u00f5es quinzenais que acontecem todas \u00e0s segundas-feiras, das 16:00h \u00e0s 18:30h, na sala de Semin\u00e1rios, do Programa de P\u00f3s-gradua\u00e7\u00e3o em Ensino de Ci\u00eancias e Educa\u00e7\u00e3o Matem\u00e1tica \u2013 UEPB \u2013 Campina Grande. Nessas reuni\u00f5es s\u00e3o discutidos livros, textos, bem como diversas quest\u00f5es atuais relativas \u00e0 Resolu\u00e7\u00e3o de Problemas e \u00e0s pesquisas dos membros participantes do GPRPEM.<\/p>\n<p>Tamb\u00e9m acontecem as reuni\u00f5es quinzenais, aos s\u00e1bados, a partir das 9:00 h, na Sala B05, do Departamento de Matem\u00e1tica \u2013 UEPB \u2013 Monteiro, para estudar textos did\u00e1ticos e cient\u00edficos que configuram o quadro atual das investiga\u00e7\u00f5es e pesquisas na linha de Resolu\u00e7\u00e3o de Problemas.<\/p>\n","protected":false},"excerpt":{"rendered":"<p>Somos um Grupo de Pesquisa do Programa de P\u00f3s-Gradua\u00e7\u00e3o em Ensino de Ci\u00eancias e Educa\u00e7\u00e3o Matem\u00e1tica da Universidade Estadual da Para\u00edba, UEPB \u2013 Campina Grande e do Centro de Ci\u00eancias Humanas e Exatas da UEPB \u2013 Monteiro, Para\u00edba, Brasil.\u00a0 O Grupo dedica-se ao ensino e pesquisa na Gradua\u00e7\u00e3o e P\u00f3s-Gradua\u00e7\u00e3o da UEPB.\u00a0 Sua principal \u00e1rea <a class=\"leiamais\" href=\"https:\/\/grupos.uepb.edu.br\/gprpem\/quem-somos\/\">Leia Mais&#8230;<\/a><\/p>\n","protected":false},"author":1,"featured_media":0,"parent":0,"menu_order":0,"comment_status":"open","ping_status":"open","template":"","meta":{"footnotes":""},"class_list":["post-310","page","type-page","status-publish","hentry"],"_links":{"self":[{"href":"https:\/\/grupos.uepb.edu.br\/gprpem\/wp-json\/wp\/v2\/pages\/310","targetHints":{"allow":["GET"]}}],"collection":[{"href":"https:\/\/grupos.uepb.edu.br\/gprpem\/wp-json\/wp\/v2\/pages"}],"about":[{"href":"https:\/\/grupos.uepb.edu.br\/gprpem\/wp-json\/wp\/v2\/types\/page"}],"author":[{"embeddable":true,"href":"https:\/\/grupos.uepb.edu.br\/gprpem\/wp-json\/wp\/v2\/users\/1"}],"replies":[{"embeddable":true,"href":"https:\/\/grupos.uepb.edu.br\/gprpem\/wp-json\/wp\/v2\/comments?post=310"}],"version-history":[{"count":2,"href":"https:\/\/grupos.uepb.edu.br\/gprpem\/wp-json\/wp\/v2\/pages\/310\/revisions"}],"predecessor-version":[{"id":645,"href":"https:\/\/grupos.uepb.edu.br\/gprpem\/wp-json\/wp\/v2\/pages\/310\/revisions\/645"}],"wp:attachment":[{"href":"https:\/\/grupos.uepb.edu.br\/gprpem\/wp-json\/wp\/v2\/media?parent=310"}],"curies":[{"name":"wp","href":"https:\/\/api.w.org\/{rel}","templated":true}]}}